{"id":328,"date":"2016-02-05T09:14:59","date_gmt":"2016-02-05T09:14:59","guid":{"rendered":"https:\/\/www.trueno.com\/?page_id=328"},"modified":"2016-09-06T08:38:21","modified_gmt":"2016-09-06T08:38:21","slug":"composiciones","status":"publish","type":"page","link":"https:\/\/www.trueno.com\/index.php\/composiciones\/","title":{"rendered":"Composiciones"},"content":{"rendered":"<div class=\"wpb-content-wrapper\"><p>[vc_row][vc_column css=\u00bb.vc_custom_1454664050784{padding-right: 50px !important;padding-left: 50px !important;}\u00bb][\/vc_column][\/vc_row][vc_row][vc_column][vc_empty_space height=\u00bb50px\u00bb][vc_column_text]<\/p>\n<h3 style=\"text-align: center;\"><span style=\"color: #000000;\">Composiciones<\/span><\/h3>\n<p>[\/vc_column_text][vc_empty_space height=\u00bb50px\u00bb][\/vc_column][\/vc_row][vc_row force_equal_height_columns=\u00bbmain_row\u00bb][vc_column width=\u00bb1\/4&#8243; css=\u00bb.vc_custom_1454664322282{padding-right: 30px !important;padding-left: 30px !important;}\u00bb][vc_single_image image=\u00bb348&#8243; img_size=\u00bblarge\u00bb alignment=\u00bbcenter\u00bb][\/vc_column][vc_column width=\u00bb3\/4&#8243; css=\u00bb.vc_custom_1454664641244{padding-right: 30px !important;padding-left: 30px !important;}\u00bb][vc_column_text]<span style=\"color: #000000;\"><b>Caucho nitr\u00edlico bidensidad<\/b> inyectado directamente al corte. No pegado ni cosido. Excelente resistencia al calor por contacto, radiado, llama, hidrocarburos, resbalamiento, envejecimiento, hidr\u00f3lisis, almacenamiento, ataques de bacterias y microorganismos. Absorci\u00f3n de energ\u00eda en el tal\u00f3n.<\/span>[\/vc_column_text][\/vc_column][vc_column][vc_empty_space height=\u00bb50px\u00bb][\/vc_column][\/vc_row][vc_row force_equal_height_columns=\u00bbmain_row\u00bb][vc_column width=\u00bb1\/4&#8243; css=\u00bb.vc_custom_1454664680899{padding-right: 30px !important;padding-left: 30px !important;}\u00bb][vc_single_image image=\u00bb355&#8243; img_size=\u00bbfull\u00bb alignment=\u00bbcenter\u00bb][\/vc_column][vc_column width=\u00bb3\/4&#8243; css=\u00bb.vc_custom_1454664694636{padding-right: 30px !important;padding-left: 30px !important;}\u00bb][vc_column_text]<span style=\"color: #000000;\"><b>Elast\u00f3mero termopl\u00e1stico y poliuretano<\/b> inyectados directamente al corte. No pegado ni cosido. Las cortadas producidas en la suela no progresan. M\u00e1s resistente al resbalamiento, hidrocarburos y absorci\u00f3n de energ\u00eda en el tal\u00f3n.<\/span>[\/vc_column_text][\/vc_column][vc_column][vc_empty_space height=\u00bb50px\u00bb][\/vc_column][\/vc_row][vc_row force_equal_height_columns=\u00bbmain_row\u00bb][vc_column width=\u00bb1\/4&#8243; css=\u00bb.vc_custom_1454664978869{padding-right: 30px !important;padding-left: 30px !important;}\u00bb][vc_single_image image=\u00bb352&#8243; img_size=\u00bbfull\u00bb alignment=\u00bbcenter\u00bb][\/vc_column][vc_column width=\u00bb3\/4&#8243; css=\u00bb.vc_custom_1454665037662{padding-right: 30px !important;padding-left: 30px !important;}\u00bb][vc_column_text]<span style=\"color: #000000;\"><b>Poliuretano inyectado directamente al corte con pat\u00edn de caucho nitr\u00edlico.<\/b> No pegado ni cosido. Resistente al calor por contacto, resbalamiento, hidrocarburos y absorci\u00f3n de energ\u00eda en el tal\u00f3n.<\/span>[\/vc_column_text][\/vc_column][vc_column][vc_empty_space height=\u00bb50px\u00bb][\/vc_column][\/vc_row][vc_row force_equal_height_columns=\u00bbmain_row\u00bb][vc_column width=\u00bb1\/4&#8243; css=\u00bb.vc_custom_1454668938781{padding-right: 30px !important;padding-left: 30px !important;}\u00bb][vc_single_image image=\u00bb354&#8243; img_size=\u00bbfull\u00bb alignment=\u00bbcenter\u00bb][\/vc_column][vc_column width=\u00bb3\/4&#8243; css=\u00bb.vc_custom_1454668966929{padding-right: 30px !important;padding-left: 30px !important;}\u00bb][vc_column_text]<span style=\"color: #000000;\"><b>Poliuretano bidensidad <\/b>inyectado directamente al corte. No pegado ni cosido. Suela multiusos de aplicaci\u00f3n general. Buena absorci\u00f3n de energ\u00eda en el tal\u00f3n y resistencia a hidrocarburos.<\/span>[\/vc_column_text][\/vc_column][vc_column][vc_empty_space height=\u00bb50px\u00bb][\/vc_column][\/vc_row][vc_row force_equal_height_columns=\u00bbmain_row\u00bb][vc_column width=\u00bb1\/4&#8243; css=\u00bb.vc_custom_1454669160407{padding-right: 30px !important;padding-left: 30px !important;}\u00bb][vc_single_image image=\u00bb353&#8243; img_size=\u00bbfull\u00bb alignment=\u00bbcenter\u00bb][\/vc_column][vc_column width=\u00bb3\/4&#8243; css=\u00bb.vc_custom_1454669178858{padding-right: 30px !important;padding-left: 30px !important;}\u00bb][vc_column_text]<span style=\"color: #000000;\"><b>Poliuretano monodensidad <\/b>inyectado directamente al corte. No pegado ni cosido. Ultra ligera. Absorci\u00f3n de energ\u00eda en el tal\u00f3n y resistente a los hidrocarburos.<\/span>[\/vc_column_text][\/vc_column][vc_column][vc_empty_space height=\u00bb50px\u00bb][\/vc_column][\/vc_row][vc_row force_equal_height_columns=\u00bbmain_row\u00bb][vc_column width=\u00bb1\/4&#8243; css=\u00bb.vc_custom_1454669360749{padding-right: 30px !important;padding-left: 30px !important;}\u00bb][vc_single_image image=\u00bb351&#8243; img_size=\u00bbfull\u00bb alignment=\u00bbcenter\u00bb][\/vc_column][vc_column width=\u00bb3\/4&#8243; css=\u00bb.vc_custom_1454669371537{padding-right: 30px !important;padding-left: 30px !important;}\u00bb][vc_column_text]<span style=\"color: #000000;\"><b>Caucho nitr\u00edlico vulcanizado<\/b> directamente al corte. No pegado ni cosido. Sistema tradicional de buena durabilidad. Resistente a los hidrocarburos y al calor por contacto.<\/span>[\/vc_column_text][\/vc_column][vc_column][vc_empty_space height=\u00bb50px\u00bb][\/vc_column][\/vc_row]<\/p>\n<\/div>","protected":false},"excerpt":{"rendered":"<p>[vc_row][vc_column css=\u00bb.vc_custom_1454664050784{padding-right: 50px !important;padding-left: 50px !important;}\u00bb][\/vc_column][\/vc_row][vc_row][vc_column][vc_empty_space height=\u00bb50px\u00bb][vc_column_text] Composiciones [\/vc_column_text][vc_empty_space height=\u00bb50px\u00bb][\/vc_column][\/vc_row][vc_row force_equal_height_columns=\u00bbmain_row\u00bb][vc_column width=\u00bb1\/4&#8243; css=\u00bb.vc_custom_1454664322282{padding-right: 30px !important;padding-left: 30px !important;}\u00bb][vc_single_image image=\u00bb348&#8243; img_size=\u00bblarge\u00bb alignment=\u00bbcenter\u00bb][\/vc_column][vc_column width=\u00bb3\/4&#8243; css=\u00bb.vc_custom_1454664641244{padding-right: 30px !important;padding-left: 30px !important;}\u00bb][vc_column_text]Caucho nitr\u00edlico bidensidad inyectado directamente<\/p>\n","protected":false},"author":3,"featured_media":0,"parent":0,"menu_order":0,"comment_status":"closed","ping_status":"closed","template":"","meta":{"_acf_changed":false,"footnotes":""},"class_list":["post-328","page","type-page","status-publish","hentry"],"acf":[],"_links":{"self":[{"href":"https:\/\/www.trueno.com\/index.php\/wp-json\/wp\/v2\/pages\/328","targetHints":{"allow":["GET"]}}],"collection":[{"href":"https:\/\/www.trueno.com\/index.php\/wp-json\/wp\/v2\/pages"}],"about":[{"href":"https:\/\/www.trueno.com\/index.php\/wp-json\/wp\/v2\/types\/page"}],"author":[{"embeddable":true,"href":"https:\/\/www.trueno.com\/index.php\/wp-json\/wp\/v2\/users\/3"}],"replies":[{"embeddable":true,"href":"https:\/\/www.trueno.com\/index.php\/wp-json\/wp\/v2\/comments?post=328"}],"version-history":[{"count":21,"href":"https:\/\/www.trueno.com\/index.php\/wp-json\/wp\/v2\/pages\/328\/revisions"}],"predecessor-version":[{"id":1367,"href":"https:\/\/www.trueno.com\/index.php\/wp-json\/wp\/v2\/pages\/328\/revisions\/1367"}],"wp:attachment":[{"href":"https:\/\/www.trueno.com\/index.php\/wp-json\/wp\/v2\/media?parent=328"}],"curies":[{"name":"wp","href":"https:\/\/api.w.org\/{rel}","templated":true}]}}