{"id":1194,"date":"2016-04-04T11:14:26","date_gmt":"2016-04-04T11:14:26","guid":{"rendered":"https:\/\/www.trueno.com\/?page_id=1194"},"modified":"2016-09-06T09:52:13","modified_gmt":"2016-09-06T09:52:13","slug":"proteccion","status":"publish","type":"page","link":"https:\/\/www.trueno.com\/index.php\/proteccion\/","title":{"rendered":"Protecci\u00f3n"},"content":{"rendered":"<div class=\"wpb-content-wrapper\"><p>[vc_row][vc_column][vc_empty_space height=\u00bb80&#8243;][\/vc_column][\/vc_row][vc_row][vc_column][rev_slider_vc alias=\u00bbproteccion-1&#8243;][\/vc_column][\/vc_row][vc_row][vc_column][vc_empty_space height=\u00bb30&#8243;][\/vc_column][\/vc_row][vc_row force_equal_height_columns=\u00bbmain_row\u00bb][vc_column width=\u00bb1\/2&#8243;][vc_row_inner][vc_column_inner width=\u00bb1\/12&#8243;][\/vc_column_inner][vc_column_inner width=\u00bb5\/6&#8243;][vc_single_image image=\u00bb1208&#8243; img_size=\u00bbfull\u00bb][vc_column_text]<\/p>\n<p style=\"text-align: left;\">Las punteras de protecci\u00f3n de <strong><em>Thunderglass<\/em><\/strong> son la mejor opci\u00f3n para trabajos donde las altas temperaturas podr\u00edan deformar otro tipo de material como el composite, o no aislar del calor como las punteras de aluminio. Nuestra puntera de protecci\u00f3n <strong><em>Thunderglass<\/em><\/strong> es m\u00e1s ligera, m\u00e1s resistente, no deformable y aislante a la temperatura.<\/p>\n<p>[\/vc_column_text][vc_single_image image=\u00bb1219&#8243; img_size=\u00bbfull\u00bb alignment=\u00bbcenter\u00bb][\/vc_column_inner][vc_column_inner width=\u00bb1\/12&#8243;][\/vc_column_inner][\/vc_row_inner][\/vc_column][vc_column width=\u00bb1\/2&#8243;][vc_row_inner][vc_column_inner width=\u00bb1\/12&#8243;][\/vc_column_inner][vc_column_inner width=\u00bb5\/6&#8243;][vc_single_image image=\u00bb1212&#8243; img_size=\u00bbfull\u00bb][vc_column_text]<\/p>\n<p style=\"text-align: left;\">Nuestras punteras de composite, est\u00e1n perforadas para aportar una mejor transpiraci\u00f3n del pie, se incorporan en todos los modelos inyectados con la suela <strong><em>S10 Power Track<\/em><\/strong>, la mejor soluci\u00f3n para la mayor\u00eda de riesgos en la Industrial general.<\/p>\n<p>[\/vc_column_text][vc_empty_space height=\u00bb35&#8243;][vc_single_image image=\u00bb1218&#8243; img_size=\u00bbfull\u00bb alignment=\u00bbcenter\u00bb][\/vc_column_inner][vc_column_inner width=\u00bb1\/12&#8243;][\/vc_column_inner][\/vc_row_inner][\/vc_column][\/vc_row][vc_row][vc_column][vc_empty_space height=\u00bb50&#8243;][\/vc_column][\/vc_row][vc_row][vc_column][rev_slider_vc alias=\u00bbproteccion-2&#8243;][\/vc_column][\/vc_row][vc_row][vc_column][rev_slider_vc alias=\u00bbproteccion-3&#8243;][\/vc_column][\/vc_row][vc_row][vc_column][rev_slider_vc alias=\u00bbproteccion-4&#8243;][\/vc_column][\/vc_row]<\/p>\n<\/div>","protected":false},"excerpt":{"rendered":"<p>[vc_row][vc_column][vc_empty_space height=\u00bb80&#8243;][\/vc_column][\/vc_row][vc_row][vc_column][rev_slider_vc alias=\u00bbproteccion-1&#8243;][\/vc_column][\/vc_row][vc_row][vc_column][vc_empty_space height=\u00bb30&#8243;][\/vc_column][\/vc_row][vc_row force_equal_height_columns=\u00bbmain_row\u00bb][vc_column width=\u00bb1\/2&#8243;][vc_row_inner][vc_column_inner width=\u00bb1\/12&#8243;][\/vc_column_inner][vc_column_inner width=\u00bb5\/6&#8243;][vc_single_image image=\u00bb1208&#8243; img_size=\u00bbfull\u00bb][vc_column_text] Las punteras de protecci\u00f3n de Thunderglass son la mejor opci\u00f3n para trabajos donde las altas temperaturas podr\u00edan deformar otro tipo<\/p>\n","protected":false},"author":3,"featured_media":0,"parent":0,"menu_order":0,"comment_status":"closed","ping_status":"closed","template":"page-custom.php","meta":{"_acf_changed":false,"footnotes":""},"class_list":["post-1194","page","type-page","status-publish","hentry"],"acf":[],"_links":{"self":[{"href":"https:\/\/www.trueno.com\/index.php\/wp-json\/wp\/v2\/pages\/1194","targetHints":{"allow":["GET"]}}],"collection":[{"href":"https:\/\/www.trueno.com\/index.php\/wp-json\/wp\/v2\/pages"}],"about":[{"href":"https:\/\/www.trueno.com\/index.php\/wp-json\/wp\/v2\/types\/page"}],"author":[{"embeddable":true,"href":"https:\/\/www.trueno.com\/index.php\/wp-json\/wp\/v2\/users\/3"}],"replies":[{"embeddable":true,"href":"https:\/\/www.trueno.com\/index.php\/wp-json\/wp\/v2\/comments?post=1194"}],"version-history":[{"count":24,"href":"https:\/\/www.trueno.com\/index.php\/wp-json\/wp\/v2\/pages\/1194\/revisions"}],"predecessor-version":[{"id":1368,"href":"https:\/\/www.trueno.com\/index.php\/wp-json\/wp\/v2\/pages\/1194\/revisions\/1368"}],"wp:attachment":[{"href":"https:\/\/www.trueno.com\/index.php\/wp-json\/wp\/v2\/media?parent=1194"}],"curies":[{"name":"wp","href":"https:\/\/api.w.org\/{rel}","templated":true}]}}